 - 6. Let u = i - -33. Calculate the highest common factor of 21 and u.
7
Let g = 28 - -8. Calculate the greatest common factor of 4 and g.
4
Suppose 3*z = 34 - 4. Suppose 4*b = z - 2. Suppose 0 = -b*g - g + 120. Calculate the highest common divisor of 16 and g.
8
Let b(q) = 4*q - 2. Let u be b(6). Let k(s) = -16*s. Let z be k(1). Let g = u + z. Calculate the greatest common factor of 24 and g.
6
Let w = 28 + -13. Calculate the highest common factor of 3 and w.
3
Let f = 21 + -25. Let z be (-1 + -3)/(f/6). What is the greatest common factor of z and 54?
6
Let f = 12 - 7. Suppose -2*t + 20 = f*b, -2*b - 20 = -2*t - 6*b. Calculate the greatest common factor of 70 and t.
10
Let r be 3 + (-6)/2 - -2. Calculate the greatest common divisor of r and 16.
2
Suppose 11 - 1 = 5*p. Suppose -5*l + 5*u - 10 - 10 = 0, 5*u = -p*l + 27. Let d = 0 + 8. What is the greatest common factor of l and d?
1
Let k(b) = 3*b**2 - 4*b - 12. Let v be k(6). Calculate the highest common factor of 9 and v.
9
Suppose 3*g + 3*q = -0*g, -5*g = -q - 24. Let y be (-2 + 10)*22/g. Let p = 25 + -14. What is the greatest common factor of y and p?
11
Let y(c) = -c**3 + 6*c**2 + 2*c - 4. Let f be y(7). Let n be 26/f*(-3)/2. Suppose 6*o = o + 5. Calculate the highest common factor of n and o.
1
Let x = -6 - -6. Let k = x + 1. What is the highest common factor of k and 7?
1
Suppose 20 = -4*b + 8. Let f be ((-28)/b)/((-14)/(-21)). Calculate the highest common divisor of 70 and f.
14
Suppose -9 - 7 = 5*y + 2*w, -3*w - 19 = 5*y. Let o be 6/y + 132/2. Calculate the highest common factor of o and 7.
7
Suppose -t = -5, 0 = 2*r - 5*r - 5*t + 22. Let j be r + -3*(2 + -3). Suppose -4*s = j*y - 120, 4*y = y. Calculate the highest common divisor of 20 and s.
10
Let a = 21 + 23. What is the highest common factor of a and 4?
4
Let p be 37/2 - 2/4. Suppose 0 = -2*z - 0*z - 5*y + p, -3*z + 9 = 3*y. Let w be 1*72 + 4 + z. What is the highest common divisor of 30 and w?
15
Suppose -3*y = -14 - 16. Calculate the highest common divisor of 10 and y.
10
Let m(k) = k**3 - k**2 + 1. Let f be m(1). Let q = 10 + f. What is the highest common divisor of 1 and q?
1
Suppose 4 = y + 2. Let i(q) = 7*q + q**3 - 3*q**2 - q**y + 0*q**2. Let s be i(5). Calculate the greatest common divisor of s and 20.
20
Let a be 4*7 - 0/(-2). Let o be 8/(-12)*18/4. Let l be 21/(-2)*20/o. Calculate the greatest common factor of l and a.
14
Suppose -h = -3, 2*a + 138 = -3*a - 4*h. Let r = 21 + a. Let p(f) = f**3 + 9*f**2 - 3*f - 7. Let j be p(r). What is the greatest common divisor of j and 160?
20
Let h(f) = -12*f + 1. Suppose 0 = -3*d - d - 4. Let j be h(d). Suppose 0 = -s - 4*i + 20, 2*s + i = 2*i + j. What is the highest common divisor of s and 88?
8
Let p be (-399)/15 - (-3)/5. Let g = p + 6. Let o = 30 + g. What is the highest common divisor of 30 and o?
10
Suppose 18*m = 15*m + 12. What is the highest common divisor of m and 10?
2
Suppose -4*f - f = -100. What is the highest common factor of f and 5?
5
Let o(j) = -3*j - 2. Let f(i) = -6*i - 3. Let r(s) = -3*f(s) + 5*o(s). Let q be r(5). Calculate the highest common factor of q and 14.
14
Let o = -8 + -1. Let n be (-87)/o - 3/(-9). What is the greatest common divisor of 25 and n?
5
Let w = 1 - 0. Let k(y) = y**2 - 5*y + 6. Let o be k(5). Let t = o + w. What is the greatest common divisor of 56 and t?
7
Let z(t) = -11*t**2 - t. Let x be z(1). Let a = -2 - x. What is the greatest common factor of a and 70?
10
Suppose -5 = 2*n - 35. Let m = n + 39. What is the highest common divisor of m and 18?
18
Suppose -n - 22 = -w, -n - 43 = -5*w + 63. What is the highest common factor of 84 and w?
21
Suppose 0 = 2*x + 2*x + 332. Let v = x - -119. Suppose v = 2*w + 4*l, 5 = w - 2*l + 3. Calculate the highest common factor of 20 and w.
10
Suppose -2*z = -443 + 101. What is the highest common factor of 57 and z?
57
Let l be (-55)/(-4) - (-2)/8. Let c be ((-27)/(-18))/((-6)/(-8)). Calculate the greatest common divisor of c and l.
2
Let j(g) = -2*g - 8. Let u be j(-6). Let s(r) = -r + 12. Let k be s(8). Calculate the greatest common divisor of k and u.
4
Let g(n) = -n**2 + 4*n - 1. Let j be -1*(-9)/(0 - -3). Let z be g(j). Suppose 3 = z*u - u. Calculate the greatest common factor of u and 33.
3
Let q be (-2 - 1 - -11) + 0. What is the highest common divisor of q and 72?
8
Let y(t) = t**3 + 9*t**2 + 8*t - 4. Let i be y(-3). Calculate the highest common factor of i and 1.
1
Suppose -2*n + 2 = 0, n = -4*o + o + 82. What is the greatest common divisor of o and 18?
9
Let g = 188 - 92. Let p = -40 + g. Calculate the highest common factor of p and 14.
14
Suppose 2*c - 3*l - 2 = 0, -4*c = -l - 1 - 3. Calculate the highest common factor of 2 and c.
1
Let w be 0/(-9 + 5) - -36. What is the greatest common factor of w and 18?
18
Suppose 0*d + 30 = 2*d. Calculate the highest common factor of d and 120.
15
Suppose -3*c + 11 = -7. Let r(n) = 7*n**2 + 3*n + 2. Let f be r(-1). Calculate the greatest common divisor of c and f.
6
Let n be (-12)/42 - (-82)/(-7). Let l = n + 22. What is the highest common factor of l and 10?
10
Suppose -25*h - 1584 = -29*h. Calculate the highest common divisor of h and 36.
36
Let x(g) = 2*g**3 - g**2 - 3*g + 4. Let b be x(2). What is the highest common factor of b and 110?
10
Suppose 5*i + 0*g = g + 6, 0 = -4*i + 4*g - 8. Calculate the greatest common divisor of i and 22.
2
Suppose n + n = 24. Suppose 0 = -5*r + 2*c + 3*c, -c + 16 = 3*r. Suppose -422 = -4*j - 2*g, 41 = r*j - 3*g - 406. What is the highest common factor of j and n?
12
Suppose -5*x - 17 = -u - 2*x, 13 = 2*u + x. Suppose -4*s + 9 = 3*i - 35, 2*s - 34 = -3*i. What is the greatest common factor of u and i?
8
Suppose -5*h + 4*k = -2*h - 13, -19 = -3*h + k. What is the greatest common factor of h and 28?
7
Let h be -2 - -3 - (-3 - -2). Suppose -h*v + 4*v = o + 18, -134 = 5*o + v. Let a be 2 + -1 - (o + 0). Calculate the greatest common factor of a and 3.
3
Let m be 4/6*(2 - -1). Suppose -u - 30 = -2*n + m*u, -5*n + 54 = 3*u. Let t = 12 + -4. What is the highest common divisor of n and t?
4
Let b(j) = j**3 + 7*j**2 + 6*j + 2. Let m be b(-6). Let o = 18 - 12. Calculate the greatest common factor of m and o.
2
Suppose r + 2*p - 6 = 2*r, -r + 3*p - 9 = 0. Let s = r + 0. Suppose 0*b - b + 65 = s. What is the highest common divisor of 13 and b?
13
Let v be ((-154)/231)/(1 + 82/(-78)). What is the greatest common divisor of 26 and v?
13
Let w(c) = c**2 - 7*c + 5. Let h be w(7). Suppose 11*t - 120 - 45 = 0. Calculate the highest common factor of t and h.
5
Let k be (-126)/((-57)/24 - -2). Calculate the highest common divisor of k and 42.
42
Suppose 0 = -o - 5, -v = o - 0 + 1. Suppose 16 = 5*c - 4. Suppose 3*a + 5 = w, v*w - c*a = -a + 20. What is the highest common divisor of 55 and w?
5
Let d(v) = -v**3 - 6*v**2 + 2*v + 10. Let g be d(-7). Calculate the greatest common factor of 5 and g.
5
Let b(u) = u**2 + 5*u + 4. Let x be b(-4). Suppose -12 = -a + 3*k - x, 3*a - 28 = 5*k. Let p be (-64)/a*9/(-6). What is the greatest common factor of p and 2?
2
Let j(x) = 0*x**2 + 5 + 11 + 2*x**2 - x**2 - 12*x. Let i be j(12). What is the highest common divisor of i and 4?
4
Let a(d) = -4*d + 25. Let r(l) = 5*l - 26. Let k(q) = 4*a(q) + 3*r(q). Let p be k(11). What is the highest common factor of p and 77?
11
Let n = -8 + 5. Let y(v) be the third derivative of v**5/60 + v**4/6 + 2*v**3/3 - 5*v**2. Let h be y(n). Calculate the highest common divisor of 4 and h.
1
Let l(a) = -a**2 + 9*a + 6. Let f be l(5). Suppose 4*n = -18 - f. Let j(z) = z**2 + 11*z + 14. Let u be j(n). Calculate the highest common divisor of 140 and u.
14
Suppose -4*o = -5*g + 73 + 23, -2*o + 2 = 0. Let d = 6 - 15. Let m be 440/3*d/(-6). Calculate the highest common divisor of m and g.
20
Let p = -6 + 51. Let t be 0 + 3/(-1) + 3. Suppose -4*v - 4 = 0, 4*i + t*i = 2*v + 74. Calculate the highest common factor of p and i.
9
Suppose -5*j = 4*x + 2, -4*x - 9 - 13 = -5*j. Let o be 1 - (81 - j)/(-1). Calculate the greatest common factor of 16 and o.
16
Let r = -294 + 438. Calculate the greatest common factor of r and 18.
18
Let b be (8/20)/(2/10). Let u = 2 + -1. Suppose -u = 3*q - 7. What is the greatest common factor of b and q?
2
Let i = -1 + 12. Let k be 5*(1 + -4)/3. Let p = k